{"id":115,"date":"2026-03-25T11:09:21","date_gmt":"2026-03-25T11:09:21","guid":{"rendered":"https:\/\/hipurity.com.vn\/?page_id=115"},"modified":"2026-04-17T05:42:19","modified_gmt":"2026-04-17T05:42:19","slug":"feedback","status":"publish","type":"page","link":"https:\/\/hipurity.com.vn\/?page_id=115","title":{"rendered":"FEEDBACK"},"content":{"rendered":"\t\t<div data-elementor-type=\"wp-page\" data-elementor-id=\"115\" class=\"elementor elementor-115\" data-elementor-post-type=\"page\">\n\t\t\t\t<div class=\"elementor-element elementor-element-a5c90e9 e-flex e-con-boxed e-con e-parent\" data-id=\"a5c90e9\" data-element_type=\"container\" data-e-type=\"container\">\n\t\t\t\t\t<div class=\"e-con-inner\">\n\t\t\t\t\t<\/div>\n\t\t\t\t<\/div>\n\t\t<div class=\"elementor-element elementor-element-502bfc1 e-flex e-con-boxed e-con e-parent\" data-id=\"502bfc1\" data-element_type=\"container\" data-e-type=\"container\">\n\t\t\t\t\t<div class=\"e-con-inner\">\n\t\t<div class=\"elementor-element elementor-element-fb00b15 e-con-full e-flex e-con e-child\" data-id=\"fb00b15\" data-element_type=\"container\" data-e-type=\"container\">\n\t\t\t\t<div class=\"elementor-element elementor-element-1a20a56 elementor-widget elementor-widget-image\" data-id=\"1a20a56\" data-element_type=\"widget\" data-e-type=\"widget\" data-widget_type=\"image.default\">\n\t\t\t\t\t\t\t\t\t\t\t\t\t\t\t<img fetchpriority=\"high\" decoding=\"async\" width=\"800\" height=\"800\" src=\"https:\/\/hipurity.com.vn\/wp-content\/uploads\/2026\/04\/nam-1024x1024.png\" class=\"attachment-large size-large wp-image-516\" alt=\"\" srcset=\"https:\/\/hipurity.com.vn\/wp-content\/uploads\/2026\/04\/nam-1024x1024.png 1024w, https:\/\/hipurity.com.vn\/wp-content\/uploads\/2026\/04\/nam-300x300.png 300w, https:\/\/hipurity.com.vn\/wp-content\/uploads\/2026\/04\/nam-150x150.png 150w, https:\/\/hipurity.com.vn\/wp-content\/uploads\/2026\/04\/nam-768x768.png 768w, https:\/\/hipurity.com.vn\/wp-content\/uploads\/2026\/04\/nam-1536x1536.png 1536w, https:\/\/hipurity.com.vn\/wp-content\/uploads\/2026\/04\/nam-600x600.png 600w, https:\/\/hipurity.com.vn\/wp-content\/uploads\/2026\/04\/nam-100x100.png 100w, https:\/\/hipurity.com.vn\/wp-content\/uploads\/2026\/04\/nam.png 2048w\" sizes=\"(max-width: 800px) 100vw, 800px\" \/>\t\t\t\t\t\t\t\t\t\t\t\t\t\t\t<\/div>\n\t\t\t\t<div class=\"elementor-element elementor-element-e017f1d elementor-widget elementor-widget-text-editor\" data-id=\"e017f1d\" data-element_type=\"widget\" data-e-type=\"widget\" data-widget_type=\"text-editor.default\">\n\t\t\t\t\t\t\t\t\t<p><em>C\u0169ng nh\u01b0 nhi\u1ec1u anh em kh\u00e1c, t\u00f4i \u0111\u00e3 tr\u1ea3i qua cu\u1ed9c chi\u1ebfn ch\u1ed1ng m\u1ee5n v\u00e0 th\u00e2m ch\u1eb1ng ch\u1ecbt m\u1ed9t c\u00e1ch kh\u1ed1c li\u1ec7t. T\u00f4i d\u00f9ng s\u1eefa r\u1eeda m\u1eb7t Refreshing Deep Cleansing Foam \u0111\u1ec3 l\u00e0m s\u1ea1ch s\u00e2u, \u00eam d\u1ecbu, v\u00e0 serum B5 Repairing Panthenol \u0111\u1ec3 ph\u1ee5c h\u1ed3i, l\u00e0m d\u1ecbu da y\u1ebfu. Ch\u1ec9 sau \u0111\u00fang 60 ng\u00e0y ki\u00ean tr\u00ec v\u1edbi quy tr\u00ecnh t\u1ed1i gi\u1ea3n, m\u1ee5n \u0111\u00e3 h\u1ebft s\u1ea1ch, c\u00e1c v\u1ebft th\u00e2m m\u1edd \u0111i 80-90%, b\u1ec1 m\u1eb7t da m\u1ecbn h\u01a1n. C\u1ea3m \u01a1n HiPURITY \u0111\u00e3 tr\u1ea3 l\u1ea1i s\u1ef1 t\u1ef1 tin cho t\u00f4i<\/em><\/p>\t\t\t\t\t\t\t\t<\/div>\n\t\t\t\t<\/div>\n\t\t<div class=\"elementor-element elementor-element-9b4e022 e-con-full e-flex e-con e-child\" data-id=\"9b4e022\" data-element_type=\"container\" data-e-type=\"container\">\n\t\t\t\t<div class=\"elementor-element elementor-element-a767974 elementor-widget elementor-widget-image\" data-id=\"a767974\" data-element_type=\"widget\" data-e-type=\"widget\" data-widget_type=\"image.default\">\n\t\t\t\t\t\t\t\t\t\t\t\t\t\t\t<img decoding=\"async\" width=\"800\" height=\"800\" src=\"https:\/\/hipurity.com.vn\/wp-content\/uploads\/2026\/04\/nu-1024x1024.png\" class=\"attachment-large size-large wp-image-515\" alt=\"\" srcset=\"https:\/\/hipurity.com.vn\/wp-content\/uploads\/2026\/04\/nu-1024x1024.png 1024w, https:\/\/hipurity.com.vn\/wp-content\/uploads\/2026\/04\/nu-300x300.png 300w, https:\/\/hipurity.com.vn\/wp-content\/uploads\/2026\/04\/nu-150x150.png 150w, https:\/\/hipurity.com.vn\/wp-content\/uploads\/2026\/04\/nu-768x768.png 768w, https:\/\/hipurity.com.vn\/wp-content\/uploads\/2026\/04\/nu-1536x1536.png 1536w, https:\/\/hipurity.com.vn\/wp-content\/uploads\/2026\/04\/nu-600x600.png 600w, https:\/\/hipurity.com.vn\/wp-content\/uploads\/2026\/04\/nu-100x100.png 100w, https:\/\/hipurity.com.vn\/wp-content\/uploads\/2026\/04\/nu.png 2048w\" sizes=\"(max-width: 800px) 100vw, 800px\" \/>\t\t\t\t\t\t\t\t\t\t\t\t\t\t\t<\/div>\n\t\t\t\t<div class=\"elementor-element elementor-element-e7a515c elementor-widget elementor-widget-text-editor\" data-id=\"e7a515c\" data-element_type=\"widget\" data-e-type=\"widget\" data-widget_type=\"text-editor.default\">\n\t\t\t\t\t\t\t\t\t<div id=\"messageView\" class=\"message-view \" tabindex=\"21\"><div><div id=\"messageViewContainer\" class=\" message-view__scroll \"><div class=\"transform-gpu\"><div id=\"messageViewScroll\" class=\"message-view__scroll__inner --audit-message-spacing preview-ts fadeInAndOut\"><div class=\"block-date\"><div class=\"chat-item flx chat-item-audit chat-item-spacing \"><div class=\"chat-content flx flx-col flx-cell chat-content-audit\"><div id=\"bb_msg_id_1775841005077\" class=\"chat-message chat-message-v2 wrap-message rotate-container -send-time -reaction\" data-component=\"bubble-message\"><div class=\"message-wrapper\"><div class=\"message-content-wrapper\"><div class=\"message-content-render focused-background\"><div id=\"message-frame_1775841005077\" class=\" pin-react last-msg card shadow-bubble message-frame focused-item focused-item--has-border\" data-component=\"message-content-view\" data-qid=\"7712997940583@1775841005077_2247510878483263104_2247510878483263104\"><div class=\"\" data-id=\"div_DisabledTargetEventLayer\"><div class=\"message-action\"><div id=\"text-mCntr_7712997940583-1775841005077-2247510878483263104-2247510878483263104\" class=\"text-message__container\" data-id=\"div_ReceivedMsg_Text\"><div><div class=\"overflow-hidden\" data-component=\"message-text-content\"><em><span class=\"text\">Da m\u00ecnh t\u1eebng r\u1ea5t kh\u00f4, x\u1ec9n m\u00e0u v\u00e0 tr\u00f4ng m\u1ec7t m\u1ecfi, kh\u00f4ng \u0111\u1ec1u m\u00e0u. Khi \u0111\u01b0\u1ee3c khuy\u00ean d\u00f9ng tri\u1ebft l\u00fd ch\u0103m da t\u1ed1i gi\u1ea3n, m\u00ecnh chuy\u1ec3n sang d\u00f9ng Serum Revitalizing Camellia k\u1ebft h\u1ee3p c\u00f9ng combo ph\u1ee5c h\u1ed3i c\u1ee7a HiPURITY. Ch\u1ec9 sau 2 th\u00e1ng (60 ng\u00e0y), da m\u00ecnh nh\u01b0 \u0111\u01b0\u1ee3c h\u1ed3i sinh l\u1ea1i 1 l\u1ea7n n\u1eefa v\u1eady. L\u00e0n da gi\u1edd \u0111\u00e2y c\u0103ng m\u01b0\u1edbt, \u0111\u1ec1u m\u00e0u, s\u00e1ng tr\u1eafng h\u1ed3ng r\u1ea1ng r\u1ee1 v\u00e0 t\u01b0\u01a1i tr\u1ebb h\u01a1n h\u1eb3n. Th\u1eadt s\u1ef1 qu\u00e1 tuy\u1ec7t v\u1eddi!<\/span><\/em><\/div><\/div><\/div><\/div><\/div><\/div><\/div><\/div><\/div><\/div><\/div><\/div><\/div><\/div><\/div><\/div><\/div><\/div><div id=\"chat-box-input-container-id\" class=\"chat-box-input-container\"><div id=\"chatInput\" class=\"chat-box-input chat-box-input--to-focus win32\"><div class=\"chat-box-input__heading\">\u00a0<\/div><div id=\"chat-input-container-id\" class=\"chat-input-container\"><div class=\"chat-input-container__left-layout\"><div id=\"chat-input-scroller-id\" class=\"chat-input-scrollable\"><div class=\"chat-input-wrapper\"><div id=\"chat-input-content-id\" class=\"chat-input-content\"><div id=\"richInput\" class=\"rich-input empty\" tabindex=\"1\" contenteditable=\"false\" spellcheck=\"false\" data-keybinding-context=\"mainChatInputFocus#1\" data-translate-placeholder=\"STR_MESSAGE_TO\" data-trailer=\"T\u00e0i IT\"><div id=\"input_line_0\" data-cur=\"cursor\">\u00a0<\/div><\/div><\/div><\/div><\/div><\/div><\/div><\/div><\/div>\t\t\t\t\t\t\t\t<\/div>\n\t\t\t\t<\/div>\n\t\t\t\t\t<\/div>\n\t\t\t\t<\/div>\n\t\t<div class=\"elementor-element elementor-element-167820d e-flex e-con-boxed e-con e-parent\" data-id=\"167820d\" data-element_type=\"container\" data-e-type=\"container\">\n\t\t\t\t\t<div class=\"e-con-inner\">\n\t\t\t\t\t<\/div>\n\t\t\t\t<\/div>\n\t\t\t\t<\/div>\n\t\t","protected":false},"excerpt":{"rendered":"<p>C\u0169ng nh\u01b0 nhi\u1ec1u anh em kh\u00e1c, t\u00f4i \u0111\u00e3 tr\u1ea3i qua cu\u1ed9c chi\u1ebfn ch\u1ed1ng m\u1ee5n v\u00e0 th\u00e2m ch\u1eb1ng ch\u1ecbt m\u1ed9t c\u00e1ch kh\u1ed1c li\u1ec7t. T\u00f4i d\u00f9ng s\u1eefa r\u1eeda m\u1eb7t Refreshing Deep Cleansing Foam \u0111\u1ec3 l\u00e0m s\u1ea1ch s\u00e2u, \u00eam d\u1ecbu, v\u00e0 serum B5 Repairing Panthenol \u0111\u1ec3 ph\u1ee5c h\u1ed3i, l\u00e0m d\u1ecbu da y\u1ebfu. Ch\u1ec9 sau \u0111\u00fang 60 ng\u00e0y ki\u00ean [&hellip;]<\/p>\n","protected":false},"author":1,"featured_media":0,"parent":0,"menu_order":0,"comment_status":"closed","ping_status":"closed","template":"","meta":{"_uag_custom_page_level_css":"","footnotes":""},"class_list":["post-115","page","type-page","status-publish","hentry"],"yoast_head":"<!-- This site is optimized with the Yoast SEO plugin v27.3 - https:\/\/yoast.com\/product\/yoast-seo-wordpress\/ -->\n<title>FEEDBACK - HiPURITY<\/title>\n<meta name=\"robots\" content=\"index, follow, max-snippet:-1, max-image-preview:large, max-video-preview:-1\" \/>\n<link rel=\"canonical\" href=\"https:\/\/hipurity.com.vn\/?page_id=115\" \/>\n<meta property=\"og:locale\" content=\"en_US\" \/>\n<meta property=\"og:type\" content=\"article\" \/>\n<meta property=\"og:title\" content=\"FEEDBACK - HiPURITY\" \/>\n<meta property=\"og:description\" content=\"C\u0169ng nh\u01b0 nhi\u1ec1u anh em kh\u00e1c, t\u00f4i \u0111\u00e3 tr\u1ea3i qua cu\u1ed9c chi\u1ebfn ch\u1ed1ng m\u1ee5n v\u00e0 th\u00e2m ch\u1eb1ng ch\u1ecbt m\u1ed9t c\u00e1ch kh\u1ed1c li\u1ec7t. T\u00f4i d\u00f9ng s\u1eefa r\u1eeda m\u1eb7t Refreshing Deep Cleansing Foam \u0111\u1ec3 l\u00e0m s\u1ea1ch s\u00e2u, \u00eam d\u1ecbu, v\u00e0 serum B5 Repairing Panthenol \u0111\u1ec3 ph\u1ee5c h\u1ed3i, l\u00e0m d\u1ecbu da y\u1ebfu. Ch\u1ec9 sau \u0111\u00fang 60 ng\u00e0y ki\u00ean [&hellip;]\" \/>\n<meta property=\"og:url\" content=\"https:\/\/hipurity.com.vn\/?page_id=115\" \/>\n<meta property=\"og:site_name\" content=\"HiPURITY\" \/>\n<meta property=\"article:modified_time\" content=\"2026-04-17T05:42:19+00:00\" \/>\n<meta property=\"og:image\" content=\"https:\/\/hipurity.com.vn\/wp-content\/uploads\/2026\/04\/nam-1024x1024.png\" \/>\n<meta name=\"twitter:card\" content=\"summary_large_image\" \/>\n<meta name=\"twitter:label1\" content=\"Est. reading time\" \/>\n\t<meta name=\"twitter:data1\" content=\"1 minute\" \/>\n<script type=\"application\/ld+json\" class=\"yoast-schema-graph\">{\"@context\":\"https:\\\/\\\/schema.org\",\"@graph\":[{\"@type\":\"WebPage\",\"@id\":\"https:\\\/\\\/hipurity.com.vn\\\/?page_id=115\",\"url\":\"https:\\\/\\\/hipurity.com.vn\\\/?page_id=115\",\"name\":\"FEEDBACK - HiPURITY\",\"isPartOf\":{\"@id\":\"https:\\\/\\\/hipurity.com.vn\\\/#website\"},\"primaryImageOfPage\":{\"@id\":\"https:\\\/\\\/hipurity.com.vn\\\/?page_id=115#primaryimage\"},\"image\":{\"@id\":\"https:\\\/\\\/hipurity.com.vn\\\/?page_id=115#primaryimage\"},\"thumbnailUrl\":\"https:\\\/\\\/hipurity.com.vn\\\/wp-content\\\/uploads\\\/2026\\\/04\\\/nam-1024x1024.png\",\"datePublished\":\"2026-03-25T11:09:21+00:00\",\"dateModified\":\"2026-04-17T05:42:19+00:00\",\"breadcrumb\":{\"@id\":\"https:\\\/\\\/hipurity.com.vn\\\/?page_id=115#breadcrumb\"},\"inLanguage\":\"en-US\",\"potentialAction\":[{\"@type\":\"ReadAction\",\"target\":[\"https:\\\/\\\/hipurity.com.vn\\\/?page_id=115\"]}]},{\"@type\":\"ImageObject\",\"inLanguage\":\"en-US\",\"@id\":\"https:\\\/\\\/hipurity.com.vn\\\/?page_id=115#primaryimage\",\"url\":\"https:\\\/\\\/hipurity.com.vn\\\/wp-content\\\/uploads\\\/2026\\\/04\\\/nam.png\",\"contentUrl\":\"https:\\\/\\\/hipurity.com.vn\\\/wp-content\\\/uploads\\\/2026\\\/04\\\/nam.png\",\"width\":2048,\"height\":2048},{\"@type\":\"BreadcrumbList\",\"@id\":\"https:\\\/\\\/hipurity.com.vn\\\/?page_id=115#breadcrumb\",\"itemListElement\":[{\"@type\":\"ListItem\",\"position\":1,\"name\":\"Home\",\"item\":\"https:\\\/\\\/hipurity.com.vn\\\/\"},{\"@type\":\"ListItem\",\"position\":2,\"name\":\"FEEDBACK\"}]},{\"@type\":\"WebSite\",\"@id\":\"https:\\\/\\\/hipurity.com.vn\\\/#website\",\"url\":\"https:\\\/\\\/hipurity.com.vn\\\/\",\"name\":\"HiPURITY\",\"description\":\"\",\"potentialAction\":[{\"@type\":\"SearchAction\",\"target\":{\"@type\":\"EntryPoint\",\"urlTemplate\":\"https:\\\/\\\/hipurity.com.vn\\\/?s={search_term_string}\"},\"query-input\":{\"@type\":\"PropertyValueSpecification\",\"valueRequired\":true,\"valueName\":\"search_term_string\"}}],\"inLanguage\":\"en-US\"}]}<\/script>\n<!-- \/ Yoast SEO plugin. -->","yoast_head_json":{"title":"FEEDBACK - HiPURITY","robots":{"index":"index","follow":"follow","max-snippet":"max-snippet:-1","max-image-preview":"max-image-preview:large","max-video-preview":"max-video-preview:-1"},"canonical":"https:\/\/hipurity.com.vn\/?page_id=115","og_locale":"en_US","og_type":"article","og_title":"FEEDBACK - HiPURITY","og_description":"C\u0169ng nh\u01b0 nhi\u1ec1u anh em kh\u00e1c, t\u00f4i \u0111\u00e3 tr\u1ea3i qua cu\u1ed9c chi\u1ebfn ch\u1ed1ng m\u1ee5n v\u00e0 th\u00e2m ch\u1eb1ng ch\u1ecbt m\u1ed9t c\u00e1ch kh\u1ed1c li\u1ec7t. T\u00f4i d\u00f9ng s\u1eefa r\u1eeda m\u1eb7t Refreshing Deep Cleansing Foam \u0111\u1ec3 l\u00e0m s\u1ea1ch s\u00e2u, \u00eam d\u1ecbu, v\u00e0 serum B5 Repairing Panthenol \u0111\u1ec3 ph\u1ee5c h\u1ed3i, l\u00e0m d\u1ecbu da y\u1ebfu. Ch\u1ec9 sau \u0111\u00fang 60 ng\u00e0y ki\u00ean [&hellip;]","og_url":"https:\/\/hipurity.com.vn\/?page_id=115","og_site_name":"HiPURITY","article_modified_time":"2026-04-17T05:42:19+00:00","og_image":[{"url":"https:\/\/hipurity.com.vn\/wp-content\/uploads\/2026\/04\/nam-1024x1024.png","type":"","width":"","height":""}],"twitter_card":"summary_large_image","twitter_misc":{"Est. reading time":"1 minute"},"schema":{"@context":"https:\/\/schema.org","@graph":[{"@type":"WebPage","@id":"https:\/\/hipurity.com.vn\/?page_id=115","url":"https:\/\/hipurity.com.vn\/?page_id=115","name":"FEEDBACK - HiPURITY","isPartOf":{"@id":"https:\/\/hipurity.com.vn\/#website"},"primaryImageOfPage":{"@id":"https:\/\/hipurity.com.vn\/?page_id=115#primaryimage"},"image":{"@id":"https:\/\/hipurity.com.vn\/?page_id=115#primaryimage"},"thumbnailUrl":"https:\/\/hipurity.com.vn\/wp-content\/uploads\/2026\/04\/nam-1024x1024.png","datePublished":"2026-03-25T11:09:21+00:00","dateModified":"2026-04-17T05:42:19+00:00","breadcrumb":{"@id":"https:\/\/hipurity.com.vn\/?page_id=115#breadcrumb"},"inLanguage":"en-US","potentialAction":[{"@type":"ReadAction","target":["https:\/\/hipurity.com.vn\/?page_id=115"]}]},{"@type":"ImageObject","inLanguage":"en-US","@id":"https:\/\/hipurity.com.vn\/?page_id=115#primaryimage","url":"https:\/\/hipurity.com.vn\/wp-content\/uploads\/2026\/04\/nam.png","contentUrl":"https:\/\/hipurity.com.vn\/wp-content\/uploads\/2026\/04\/nam.png","width":2048,"height":2048},{"@type":"BreadcrumbList","@id":"https:\/\/hipurity.com.vn\/?page_id=115#breadcrumb","itemListElement":[{"@type":"ListItem","position":1,"name":"Home","item":"https:\/\/hipurity.com.vn\/"},{"@type":"ListItem","position":2,"name":"FEEDBACK"}]},{"@type":"WebSite","@id":"https:\/\/hipurity.com.vn\/#website","url":"https:\/\/hipurity.com.vn\/","name":"HiPURITY","description":"","potentialAction":[{"@type":"SearchAction","target":{"@type":"EntryPoint","urlTemplate":"https:\/\/hipurity.com.vn\/?s={search_term_string}"},"query-input":{"@type":"PropertyValueSpecification","valueRequired":true,"valueName":"search_term_string"}}],"inLanguage":"en-US"}]}},"uagb_featured_image_src":{"full":false,"thumbnail":false,"medium":false,"medium_large":false,"large":false,"1536x1536":false,"2048x2048":false,"woocommerce_thumbnail":false,"woocommerce_single":false,"woocommerce_gallery_thumbnail":false},"uagb_author_info":{"display_name":"ngothiutluan","author_link":"https:\/\/hipurity.com.vn\/?author=1"},"uagb_comment_info":0,"uagb_excerpt":"C\u0169ng nh\u01b0 nhi\u1ec1u anh em kh\u00e1c, t\u00f4i \u0111\u00e3 tr\u1ea3i qua cu\u1ed9c chi\u1ebfn ch\u1ed1ng m\u1ee5n v\u00e0 th\u00e2m ch\u1eb1ng ch\u1ecbt m\u1ed9t c\u00e1ch kh\u1ed1c li\u1ec7t. T\u00f4i d\u00f9ng s\u1eefa r\u1eeda m\u1eb7t Refreshing Deep Cleansing Foam \u0111\u1ec3 l\u00e0m s\u1ea1ch s\u00e2u, \u00eam d\u1ecbu, v\u00e0 serum B5 Repairing Panthenol \u0111\u1ec3 ph\u1ee5c h\u1ed3i, l\u00e0m d\u1ecbu da y\u1ebfu. Ch\u1ec9 sau \u0111\u00fang 60 ng\u00e0y ki\u00ean&hellip;","_links":{"self":[{"href":"https:\/\/hipurity.com.vn\/index.php?rest_route=\/wp\/v2\/pages\/115","targetHints":{"allow":["GET"]}}],"collection":[{"href":"https:\/\/hipurity.com.vn\/index.php?rest_route=\/wp\/v2\/pages"}],"about":[{"href":"https:\/\/hipurity.com.vn\/index.php?rest_route=\/wp\/v2\/types\/page"}],"author":[{"embeddable":true,"href":"https:\/\/hipurity.com.vn\/index.php?rest_route=\/wp\/v2\/users\/1"}],"replies":[{"embeddable":true,"href":"https:\/\/hipurity.com.vn\/index.php?rest_route=%2Fwp%2Fv2%2Fcomments&post=115"}],"version-history":[{"count":16,"href":"https:\/\/hipurity.com.vn\/index.php?rest_route=\/wp\/v2\/pages\/115\/revisions"}],"predecessor-version":[{"id":519,"href":"https:\/\/hipurity.com.vn\/index.php?rest_route=\/wp\/v2\/pages\/115\/revisions\/519"}],"wp:attachment":[{"href":"https:\/\/hipurity.com.vn\/index.php?rest_route=%2Fwp%2Fv2%2Fmedia&parent=115"}],"curies":[{"name":"wp","href":"https:\/\/api.w.org\/{rel}","templated":true}]}}